{"id":3622,"date":"2023-05-29T18:03:22","date_gmt":"2023-05-29T18:03:22","guid":{"rendered":"https:\/\/atyourfeet.blog\/?page_id=3622"},"modified":"2023-05-30T13:13:53","modified_gmt":"2023-05-30T13:13:53","slug":"about-me-3","status":"publish","type":"page","link":"https:\/\/atyourfeet.blog\/?page_id=3622","title":{"rendered":"Daniella"},"content":{"rendered":"\t\t<div data-elementor-type=\"wp-page\" data-elementor-id=\"3622\" class=\"elementor elementor-3622\">\n\t\t\t\t\t\t\t\t\t<section class=\"elementor-section elementor-top-section elementor-element elementor-element-a51892c elementor-section-full_width elementor-section-height-default elementor-section-height-default\" data-id=\"a51892c\" data-element_type=\"section\">\n\t\t\t\t\t\t<div class=\"elementor-container elementor-column-gap-default\">\n\t\t\t\t\t<div class=\"elementor-column elementor-col-100 elementor-top-column elementor-element elementor-element-f782611\" data-id=\"f782611\" data-element_type=\"column\">\n\t\t\t<div class=\"elementor-widget-wrap elementor-element-populated\">\n\t\t\t\t\t\t\t\t<section class=\"elementor-section elementor-inner-section elementor-element elementor-element-b6393b2 elementor-section-boxed elementor-section-height-default elementor-section-height-default\" data-id=\"b6393b2\" data-element_type=\"section\">\n\t\t\t\t\t\t<div class=\"elementor-container elementor-column-gap-default\">\n\t\t\t\t\t<div class=\"elementor-column elementor-col-50 elementor-inner-column elementor-element elementor-element-6d518c6\" data-id=\"6d518c6\" data-element_type=\"column\">\n\t\t\t<div class=\"elementor-widget-wrap elementor-element-populated\">\n\t\t\t\t\t\t\t\t<div class=\"elementor-element elementor-element-3e8732f elementor-absolute elementor-widget elementor-widget-image\" data-id=\"3e8732f\" data-element_type=\"widget\" data-settings=\"{&quot;_position&quot;:&quot;absolute&quot;}\" data-widget_type=\"image.default\">\n\t\t\t\t<div class=\"elementor-widget-container\">\n\t\t\t<style>\/*! elementor - v3.10.2 - 29-01-2023 *\/\n.elementor-widget-image{text-align:center}.elementor-widget-image a{display:inline-block}.elementor-widget-image a img[src$=\".svg\"]{width:48px}.elementor-widget-image img{vertical-align:middle;display:inline-block}<\/style>\t\t\t\t\t\t\t\t\t\t\t\t<img loading=\"lazy\" decoding=\"async\" width=\"499\" height=\"520\" src=\"https:\/\/atyourfeet.blog\/wp-content\/uploads\/2021\/07\/about-me-border-bg.png\" class=\"attachment-full size-full wp-image-1533\" alt=\"Lifestyle and Travel\" srcset=\"https:\/\/atyourfeet.blog\/wp-content\/uploads\/2021\/07\/about-me-border-bg.png 499w, https:\/\/atyourfeet.blog\/wp-content\/uploads\/2021\/07\/about-me-border-bg-288x300.png 288w\" sizes=\"auto, (max-width: 499px) 100vw, 499px\" \/>\t\t\t\t\t\t\t\t\t\t\t\t\t\t\t<\/div>\n\t\t\t\t<\/div>\n\t\t\t\t<div class=\"elementor-element elementor-element-2eb0b68 elementor-widget elementor-widget-image\" data-id=\"2eb0b68\" data-element_type=\"widget\" data-widget_type=\"image.default\">\n\t\t\t\t<div class=\"elementor-widget-container\">\n\t\t\t\t\t\t\t\t\t\t\t\t\t\t\t<img loading=\"lazy\" decoding=\"async\" width=\"2560\" height=\"1707\" src=\"https:\/\/atyourfeet.blog\/wp-content\/uploads\/2023\/02\/Photo-iden-Dany-scaled.jpeg\" class=\"attachment-full size-full wp-image-3468\" alt=\"\" srcset=\"https:\/\/atyourfeet.blog\/wp-content\/uploads\/2023\/02\/Photo-iden-Dany-scaled.jpeg 2560w, https:\/\/atyourfeet.blog\/wp-content\/uploads\/2023\/02\/Photo-iden-Dany-300x200.jpeg 300w, https:\/\/atyourfeet.blog\/wp-content\/uploads\/2023\/02\/Photo-iden-Dany-1024x683.jpeg 1024w, https:\/\/atyourfeet.blog\/wp-content\/uploads\/2023\/02\/Photo-iden-Dany-768x512.jpeg 768w, https:\/\/atyourfeet.blog\/wp-content\/uploads\/2023\/02\/Photo-iden-Dany-1536x1024.jpeg 1536w, https:\/\/atyourfeet.blog\/wp-content\/uploads\/2023\/02\/Photo-iden-Dany-2048x1365.jpeg 2048w, https:\/\/atyourfeet.blog\/wp-content\/uploads\/2023\/02\/Photo-iden-Dany-1300x867.jpeg 1300w, https:\/\/atyourfeet.blog\/wp-content\/uploads\/2023\/02\/Photo-iden-Dany-600x400.jpeg 600w, https:\/\/atyourfeet.blog\/wp-content\/uploads\/2023\/02\/Photo-iden-Dany-1736x1157.jpeg 1736w, https:\/\/atyourfeet.blog\/wp-content\/uploads\/2023\/02\/Photo-iden-Dany-650x433.jpeg 650w\" sizes=\"auto, (max-width: 2560px) 100vw, 2560px\" \/>\t\t\t\t\t\t\t\t\t\t\t\t\t\t\t<\/div>\n\t\t\t\t<\/div>\n\t\t\t\t\t<\/div>\n\t\t<\/div>\n\t\t\t\t<div class=\"elementor-column elementor-col-50 elementor-inner-column elementor-element elementor-element-6ac9951\" data-id=\"6ac9951\" data-element_type=\"column\">\n\t\t\t<div class=\"elementor-widget-wrap elementor-element-populated\">\n\t\t\t\t\t\t\t\t<div class=\"elementor-element elementor-element-499ebae elementor-widget elementor-widget-heading\" data-id=\"499ebae\" data-element_type=\"widget\" data-widget_type=\"heading.default\">\n\t\t\t\t<div class=\"elementor-widget-container\">\n\t\t\t<style>\/*! elementor - v3.10.2 - 29-01-2023 *\/\n.elementor-heading-title{padding:0;margin:0;line-height:1}.elementor-widget-heading .elementor-heading-title[class*=elementor-size-]>a{color:inherit;font-size:inherit;line-height:inherit}.elementor-widget-heading .elementor-heading-title.elementor-size-small{font-size:15px}.elementor-widget-heading .elementor-heading-title.elementor-size-medium{font-size:19px}.elementor-widget-heading .elementor-heading-title.elementor-size-large{font-size:29px}.elementor-widget-heading .elementor-heading-title.elementor-size-xl{font-size:39px}.elementor-widget-heading .elementor-heading-title.elementor-size-xxl{font-size:59px}<\/style><h2 class=\"elementor-heading-title elementor-size-xxl\">Daniella<\/h2>\t\t<\/div>\n\t\t\t\t<\/div>\n\t\t\t\t<div class=\"elementor-element elementor-element-6025b3a elementor-widget elementor-widget-text-editor\" data-id=\"6025b3a\" data-element_type=\"widget\" data-widget_type=\"text-editor.default\">\n\t\t\t\t<div class=\"elementor-widget-container\">\n\t\t\t<style>\/*! elementor - v3.10.2 - 29-01-2023 *\/\n.elementor-widget-text-editor.elementor-drop-cap-view-stacked .elementor-drop-cap{background-color:#818a91;color:#fff}.elementor-widget-text-editor.elementor-drop-cap-view-framed .elementor-drop-cap{color:#818a91;border:3px solid;background-color:transparent}.elementor-widget-text-editor:not(.elementor-drop-cap-view-default) .elementor-drop-cap{margin-top:8px}.elementor-widget-text-editor:not(.elementor-drop-cap-view-default) .elementor-drop-cap-letter{width:1em;height:1em}.elementor-widget-text-editor .elementor-drop-cap{float:left;text-align:center;line-height:1;font-size:50px}.elementor-widget-text-editor .elementor-drop-cap-letter{display:inline-block}<\/style>\t\t\t\t<p><span style=\"font-weight: 400;\">Native de l&#8217;\u00cele de la R\u00e9union, je fais partie de cette g\u00e9n\u00e9ration dont Pierre BACHELET chantait rythmiquement \u201c<\/span><i><span style=\"font-weight: 400;\">Quand on aura 20 ans, En l\u2019an 2001<\/span><\/i><span style=\"font-weight: 400;\">\u201d.<\/span><\/p><p><span style=\"font-weight: 400;\">J\u2019ai v\u00e9cu sur l&#8217;\u00eele intense, j\u2019y ai fait des \u00e9tudes en gestion des entreprises &amp; administrations, puis j\u2019y ai travaill\u00e9 jusqu\u2019\u00e0 mes 40 ans, en tant que manager au sein d\u2019une institution publique. Je suis mari\u00e9e avec Jos\u00e9, et m\u00e8re de 4 beaux gar\u00e7ons.<\/span><\/p><p><span style=\"font-weight: 400;\">J\u2019ai fait ma 1ere rencontre personnelle avec J\u00e9sus et ai \u00e9t\u00e9 baptis\u00e9e du Saint Esprit \u00e0 l\u2019\u00e2ge de 7 ans \u00bd . Depuis cette rencontre d\u2019Amour, ma soif et qu\u00eate de Dieu n\u2019a cess\u00e9 de grandir. install\u00e9s d\u00e9sormais en France M\u00e9tropolitaine, en ob\u00e9issance \u00e0 la directive de Dieu, nous r\u00e9sidons dans l\u2019Est de la France.\u00a0<\/span><\/p>\t\t\t\t\t\t<\/div>\n\t\t\t\t<\/div>\n\t\t\t\t\t<\/div>\n\t\t<\/div>\n\t\t\t\t\t\t\t<\/div>\n\t\t<\/section>\n\t\t\t\t<section class=\"elementor-section elementor-inner-section elementor-element elementor-element-8a52b65 elementor-section-boxed elementor-section-height-default elementor-section-height-default\" data-id=\"8a52b65\" data-element_type=\"section\">\n\t\t\t\t\t\t<div class=\"elementor-container elementor-column-gap-default\">\n\t\t\t\t\t<div class=\"elementor-column elementor-col-100 elementor-inner-column elementor-element elementor-element-dc1a81f\" data-id=\"dc1a81f\" data-element_type=\"column\">\n\t\t\t<div class=\"elementor-widget-wrap elementor-element-populated\">\n\t\t\t\t\t\t\t\t<div class=\"elementor-element elementor-element-b5b0d91 elementor-widget elementor-widget-text-editor\" data-id=\"b5b0d91\" data-element_type=\"widget\" data-widget_type=\"text-editor.default\">\n\t\t\t\t<div class=\"elementor-widget-container\">\n\t\t\t\t\t\t\t<p><span style=\"font-weight: 400;\">Nous avons appris et apprenons \u00e0 \u00eatre flexibles sous Sa main, vivant cette parole \u201c\u00e9trangers et voyageurs sur terre\u201d.<\/span><\/p><p><span style=\"font-weight: 400;\">La parole qui repr\u00e9senterait au mieux notre vie et sur laquelle Jos\u00e9 et moi-m\u00eame encourageons les couples, les familles et chaque personne que nous rencontrons est: \u201cNotre Dieu est Dieu qui reb\u00e2tit sur des ruines\u201d.<\/span><\/p><p><span style=\"font-weight: 400;\">J\u2019aimerais, au travers de notre parcours, nous encourager \u00e0 vivre l\u2019Evangile premi\u00e8rement dans notre maison car c\u2019est l\u00e0 r\u00e9ellement que d\u00e9bute le \u201cminist\u00e8re\u201d en ayant une identit\u00e9 affermie en Christ. Pour cela, le Seigneur nous a appel\u00e9s dans le minist\u00e8re \u00e0 \u00eatre des \u201cr\u00e9parateurs de br\u00e8ches\u201d.\u00a0<\/span><\/p><p><span style=\"font-weight: 400;\">La \u201cmaison\u201d \u00e9tant un champ tellement vaste, nous avons ainsi l\u2019opportunit\u00e9 de nous pr\u00e9parer, former, am\u00e9liorer, au final de laisser Christ nous fa\u00e7onner \u00e0 Son image. Dans ce champ, le travail ne manque pas pour chacune de nous !<\/span><\/p>\t\t\t\t\t\t<\/div>\n\t\t\t\t<\/div>\n\t\t\t\t\t<\/div>\n\t\t<\/div>\n\t\t\t\t\t\t\t<\/div>\n\t\t<\/section>\n\t\t\t\t<div class=\"elementor-element elementor-element-b480a0c elementor-widget elementor-widget-marquee\" data-id=\"b480a0c\" data-element_type=\"widget\" data-settings=\"{&quot;delayBeforeStart &quot;:&quot;0&quot;,&quot;direction&quot;:&quot;left&quot;,&quot;duplicated&quot;:&quot;true&quot;,&quot;gap&quot;:&quot;0&quot;,&quot;speed&quot;:&quot;100&quot;,&quot;pauseOnHover&quot;:&quot;true&quot;,&quot;startVisible&quot;:&quot;true&quot;}\" data-widget_type=\"marquee.default\">\n\t\t\t\t<div class=\"elementor-widget-container\">\n\t\t\t\t\t\t<div class=\"marquee-container\">\r\n\t\t\t\t<div class=\"marquee\">\r\n\t\t\t\t\t\tAt your feet Le blog, c\u2019est un \u00e9tat de c\u0153ur, plus qu&#039;une posture physique. \r\n\t\t\t\t<\/div>\r\n\t\t\t<\/div>\r\n \r\n\t\t\t\t<\/div>\n\t\t\t\t<\/div>\n\t\t\t\t\t<\/div>\n\t\t<\/div>\n\t\t\t\t\t\t\t<\/div>\n\t\t<\/section>\n\t\t\t\t\t\t\t<\/div>\n\t\t","protected":false},"excerpt":{"rendered":"<p>Daniella Native de l&#8217;\u00cele de la R\u00e9union, je fais partie de cette g\u00e9n\u00e9ration dont Pierre BACHELET chantait rythmiquement \u201cQuand on aura 20 ans, En l\u2019an 2001\u201d. J\u2019ai v\u00e9cu sur l&#8217;\u00eele intense, j\u2019y ai fait des \u00e9tudes en gestion des entreprises &amp; administrations, puis j\u2019y ai travaill\u00e9 jusqu\u2019\u00e0 mes 40 ans, en tant que manager au [&hellip;]<\/p>\n","protected":false},"author":1,"featured_media":0,"parent":0,"menu_order":0,"comment_status":"closed","ping_status":"closed","template":"page-full-width.php","meta":{"footnotes":""},"class_list":["post-3622","page","type-page","status-publish","hentry","entry"],"_links":{"self":[{"href":"https:\/\/atyourfeet.blog\/index.php?rest_route=\/wp\/v2\/pages\/3622","targetHints":{"allow":["GET"]}}],"collection":[{"href":"https:\/\/atyourfeet.blog\/index.php?rest_route=\/wp\/v2\/pages"}],"about":[{"href":"https:\/\/atyourfeet.blog\/index.php?rest_route=\/wp\/v2\/types\/page"}],"author":[{"embeddable":true,"href":"https:\/\/atyourfeet.blog\/index.php?rest_route=\/wp\/v2\/users\/1"}],"replies":[{"embeddable":true,"href":"https:\/\/atyourfeet.blog\/index.php?rest_route=%2Fwp%2Fv2%2Fcomments&post=3622"}],"version-history":[{"count":4,"href":"https:\/\/atyourfeet.blog\/index.php?rest_route=\/wp\/v2\/pages\/3622\/revisions"}],"predecessor-version":[{"id":3703,"href":"https:\/\/atyourfeet.blog\/index.php?rest_route=\/wp\/v2\/pages\/3622\/revisions\/3703"}],"wp:attachment":[{"href":"https:\/\/atyourfeet.blog\/index.php?rest_route=%2Fwp%2Fv2%2Fmedia&parent=3622"}],"curies":[{"name":"wp","href":"https:\/\/api.w.org\/{rel}","templated":true}]}}